?
False
Is 4454120381 a prime number?
True
Is 4744193843 prime?
True
Is 4504367249 a prime number?
True
Is 157230179 a prime number?
True
Is 4757588987 prime?
False
Is 298599715 a prime number?
False
Is 4463150821 a composite number?
False
Is 114785479387 a prime number?
True
Is 541659779 a prime number?
False
Is 502068893 a prime number?
True
Is 24715381 prime?
False
Is 2943193315 composite?
True
Is 350183753 prime?
True
Is 5013293 a composite number?
False
Is 32607914419 prime?
True
Is 1824756823 a composite number?
False
Is 16778000117 a composite number?
False
Is 9362657011 prime?
True
Is 1692408581 a prime number?
True
Is 724057423 composite?
True
Is 43198796089 prime?
True
Is 1836045455 composite?
True
Is 3277952633 composite?
True
Is 8534799961 a composite number?
True
Is 22269453959 a composite number?
False
Is 2856521329 a prime number?
True
Is 803427101 prime?
True
Is 845889931 prime?
True
Is 362803367 a prime number?
True
Is 26729664011 a prime number?
False
Is 149878733 composite?
False
Is 10750261669 a composite number?
True
Is 34063573951 a composite number?
True
Is 2262888521 prime?
False
Is 26822573621 prime?
True
Is 2598370349 prime?
False
Is 2107917653 composite?
False
Is 134741305 a prime number?
False
Is 41015624357 composite?
False
Is 1730538461 prime?
True
Is 597299501 a prime number?
False
Is 3988834513 composite?
False
Is 941390227 composite?
True
Is 382402907 a prime number?
True
Is 6363425093 a composite number?
True
Is 296206843 a composite number?
False
Is 7484863007 a prime number?
False
Is 272313773 prime?
True
Is 14111611529 a prime number?
True
Is 2667143431 composite?
False
Is 44684440213 a prime number?
False
Is 3051388997 a prime number?
False
Is 120081734 composite?
True
Is 1517550991 a composite number?
True
Is 790830979 prime?
True
Is 33840745363 a prime number?
True
Is 2814870133 composite?
False
Is 58532890829 a composite number?
True
Is 1219411729 a composite number?
True
Is 4005639917 a prime number?
True
Is 18753479857 a prime number?
False
Is 3681543473 a prime number?
False
Is 582024811 composite?
False
Is 93161420311 composite?
False
Is 33870984737 prime?
True
Is 3051358187 composite?
False
Is 5404491947 a composite number?
True
Is 2928419111 a composite number?
False
Is 12884024477 a composite number?
False
Is 50595626717 composite?
True
Is 11379367763 a prime number?
False
Is 4477004563 a prime number?
True
Is 12318956521 composite?
False
Is 275008379 composite?
False
Is 1737462557 prime?
False
Is 15701496383 a prime number?
True
Is 811565801 a composite number?
False
Is 1405469309 a composite number?
True
Is 308815967 a composite number?
True
Is 61829214449 composite?
False
Is 399304001 a composite number?
False
Is 67158908881 a composite number?
True
Is 820384343 composite?
True
Is 1879994617 a prime number?
False
Is 11659630321 composite?
True
Is 2548632301 prime?
True
Is 6915405001 a prime number?
True
Is 13283073247 a prime number?
True
Is 2121166877 a prime number?
True
Is 2033773351 prime?
False
Is 2916028417 a prime number?
True
Is 13503124709 a prime number?
True
Is 811783039 composite?
True
Is 1373440129 prime?
True
Is 9655109921 prime?
True
Is 13744351429 composite?
True
Is 320162281 a prime number?
False
Is 5307059211 a prime number?
False
Is 2308052767 composite?
False
Is 12333163159 a composite number?
False
Is 7079401811 prime?
False
Is 79349987 a composite number?
True
Is 325709741 a composite number?
True
Is 823290737 a composite number?
True
Is 987918857 a prime number?
True
Is 1209694229 composite?
True
Is 3337815515 a composite number?
True
Is 25799954737 prime?
False
Is 278935934495 prime?
False
Is 133293134237 a composite number?
True
Is 38984441983 a composite number?
False
Is 14322047287 prime?
False
Is 22211279 prime?
True
Is 3459287357 a composite number?
True
Is 543886613 composite?
False
Is 2537730407 composite?
False
Is 17870544977 a composite number?
False
Is 1378107083 a prime number?
True
Is 23320960369 composite?
True
Is 5610270379 a prime number?
False
Is 3677571673 composite?
True
Is 745619257 composite?
True
Is 40343913989 composite?
False
Is 403593083 a composite number?
False
Is 52004977 a composite number?
False
Is 1863315149 composite?
False
Is 445584757 prime?
False
Is 2009653813 a composite number?
True
Is 50203814279 a composite number?
False
Is 304630063 composite?
False
Is 37745559967 a composite number?
True
Is 35289195847 a prime number?
True
Is 3200295671 a composite number?
False
Is 815086823 a composite number?
True
Is 13676513533 a prime number?
False
Is 1437732067 a prime number?
False
Is 31686011821 a prime number?
False
Is 8462167019 composite?
False
Is 42412844423 prime?
True
Is 6813545629 composite?
True
Is 26856093839 composite?
True
Is 49025827 prime?
True
Is 232427159 composite?
True
Is 32525720299 a prime number?
False
Is 9571834201 a composite number?
True
Is 14916337321 a prime number?
True
Is 664831910195 prime?
False
Is 186518621 prime?
False
Is 31914364271 a prime number?
True
Is 37535591882 a composite number?
True
Is 1171643937 prime?
False
Is 2833727591 a composite number?
True
Is 1248961613 a prime number?
False
Is 43869179 prime?
True
Is 3353047498 a composite number?
True
Is 921735313 composite?
False
Is 183028379 prime?
True
Is 922636303 composite?
True
Is 14059540415 composite?
True
Is 1306632697 a composite number?
False
Is 16662232159 composite?
False
Is 249942647 a prime number?
False
Is 3031604123 a prime number?
False
Is 9002204177 prime?
False
Is 12045866267 a composite number?
False
Is 4503016577 prime?
True
Is 654211841 prime?
False
Is 8886537311 a composite number?
False
Is 24254226358 a composite number?
True
Is 6768003973 prime?
False
Is 2099552491 a prime number?
True
Is 69681514303 a prime number?
True
Is 12135532411 a composite number?
False
Is 50337407377 composite?
False
Is 15791632933 a prime number?
True
Is 28930976687 prime?
False
Is 2648610383 prime?
False
Is 1286795921 prime?
True
Is 1376483957 a prime number?
True
Is 1357672867 a prime number?
False
Is 2528469791 a composite number?
False
Is 191194807 a prime number?
True
Is 49273573 composite?
False
Is 1941414259 a prime number?
False
Is 2768747119 a composite number?
True
Is 12573115631 a composite number?
False
Is 1386124171 a composite number?
True
Is 74580556301 composite?
True
Is 4821903221 prime?
True
Is 3398797859 prime?
True
Is 38198352719 prime?
True
Is 13079911709 a prime number?
True
Is 7356189461 composite?
True
Is 24271323326 a prime number?
False
Is 1585744021 composite?
False
Is 7230171391 a prime number?
True
Is 1555850017 a composite number?
True
Is 82195651 composite?
True
Is 45895818217 a composite number?
False
Is 523011161 prime?
True
Is 1378398439 composite?
True
Is 235433449 composite?
False
Is 1377204319 a prime number?
False
Is 125327369891 composite?
False
Is 2046355621 a prime number?
False
Is 9310534847 prime?
True
Is 901188823 prime?
True
Is 335678327 a composite number?
False
Is 2921241199 composite?
False
Is 23137397099 a prime number?
False
Is 4289239177 prime?
True
Is 8577946889 prime?
False
Is 432513407 a composite number?
True
Is 6628203887 a composite number?
False
Is 704277817 prime?
False
Is 2400494851 composite?
False
Is 1115678293 a prime number?
True
Is 81729727 a prime number?
False
Is 182456102341 prime?
False
Is 2483889479 prime?
True
Is 4374075523 a composite number?
True
Is 1007631839 a composite number?
False
Is 348198803 a composite number?
False
Is 11933092949 composite?
True
Is 11302919 a prime number?
True
Is 72386383 a composite number?
True
Is 1595643083 composite?
True
Is 1340913877 a prime number?
False
Is 1312700159 a prime number?
True
Is 1005626507 a composite number?
False
Is 478950199213 a prime number?
True
Is 7634837209 composite?
True
Is 136425961289 prime?
True
Is 233365063 prime?
False
Is 28978809779 a composite number?
False
Is 49163357 a composite number?
False
Is 23443811893 a composite number?
False
Is 197968781 composite?
True
Is 4388354533 a prime number?
True
Is 62340347 composite?
True
Is 5884113259 a composite number?
False
Is 10231373123 a composite number?
False
Is 6880735663 a prime number?
False
Is 116730633457 composite?
True
Is 3950780947 a composite number?
True
Is 50